s = -2*k + 38. Suppose 3*a + 0 = k. What is the units digit of a?
3
Let s(p) = -p**3 + 19*p**2 + 41*p + 29. What is the units digit of s(19)?
8
Let j(o) = 10*o**2 - 11*o + 9. What is the tens digit of j(8)?
6
Let n be 3*(0 - (8 + -3)). What is the units digit of (n + -1)*1/(-2)?
8
Suppose -3*j = -3, -4*j + 5*j = 3*z + 166. Let p = z + 89. What is the units digit of p?
4
Suppose -4*s - x + 13 = 0, -3*x = -5*s + 4*s - 13. What is the hundreds digit of 71*s/((-8)/(-12))?
2
Suppose r = 5 - 2. Suppose 0 = -4*i + 3*q + 217, -2*i - 4*q = r - 139. What is the tens digit of i?
5
Let s = -322 + 507. Suppose 0 = -2*g - 3*t + 21, -3*t = -6 + 3. Suppose -14*c = -g*c - s. What is the units digit of c?
7
Let k be -2 + (-38)/(-8) - 17/(-68). Suppose 0*f = 5*i - 2*f - 912, 2*i - 380 = -k*f. What is the tens digit of i?
8
Let v be 0 - (-3 + 8/4). Let q be -3 + v + 35 + -8. Let k = q - 1. What is the tens digit of k?
2
Let w(i) = -2*i - 10. Let m be w(-7). Suppose 2*u = b - 192, b = m*b - u - 586. What is the units digit of (-1 - 0)/((-7)/b)?
8
Let y(i) = i**2 - 4*i. Let d be y(-5). Let g = d + 91. What is the hundreds digit of g?
1
Let z(k) = 3 - 24 - k**2 - 16*k + 2*k**2 - 10. What is the tens digit of z(22)?
0
Let s(p) be the second derivative of -p**4/12 - p**3/6 + 19*p**2/2 - 2*p. What is the units digit of s(0)?
9
Let z(d) = 2*d + 1. Let h be z(2). Suppose -h*q = -10*q + 655. What is the tens digit of q?
3
Let v(x) = 10*x**3 + 6*x**2 - 9*x + 8. Let b(t) = -10*t**3 - 7*t**2 + 10*t - 9. Let m(r) = 2*b(r) + 3*v(r). What is the units digit of m(2)?
8
Let h(j) = -j**2 - 18*j - 19. Let f be h(-8). Suppose l - 74 = f. What is the tens digit of l?
3
Let c(w) = w**2 - 18*w - 28. What is the units digit of c(22)?
0
Let t(o) = 2*o**3 - o**2 + 4*o - 3. Let r be t(2). Suppose -4 = -2*d + 4*k + 20, d - r = 3*k. What is the units digit of d?
2
Suppose -4*u + 6*u + 4 = 4*k, k + 13 = 4*u. Suppose -2*g = -k*a - 136, 7*g - 3*g = 2*a + 288. What is the tens digit of g?
7
What is the units digit of 2909/4 + (-3)/12?
7
Suppose -c = 18 - 69. Suppose -3*n + c + 141 = 0. What is the units digit of n?
4
Let b(q) = -12*q**3 + q**2 - 2*q + 1. Let d be b(1). Let a = -12 - d. Let m(z) = -z + 26. What is the tens digit of m(a)?
2
Suppose -5 - 3 = -4*y. Let u be (-1)/(y + -5)*18. What is the units digit of (-2)/(-3)*u*2?
8
Let l(f) = -f. Let y be l(-5). Let s = -5 + y. Suppose s*n - 6 = -2*n. What is the units digit of n?
3
Let i be 19/8 - 3/8. Suppose 6*s = -i*s + 96. What is the tens digit of s?
1
Let l(f) = f**3 - 10*f**2 + 11*f + 1. Let q be l(8). What is the hundreds digit of ((-220)/(-30))/((-2)/q)?
1
What is the units digit of (-3)/24 - ((-1042)/16 + -3)?
8
Let b = 5 + -3. Let f be 2/2*(72 + b). Let a = 115 - f. What is the units digit of a?
1
Let y(s) = 36*s + 70. What is the hundreds digit of y(8)?
3
Let z = 1131 + 223. What is the thousands digit of z?
1
What is the hundreds digit of 3387 - ((-318)/39 - 16/(-104))?
3
Let h(s) be the third derivative of s**5/60 + s**4/24 + 14*s**3/3 + 32*s**2. What is the tens digit of h(-13)?
8
Let i(f) = f**2 + 17*f + 44. Let k = 65 - 79. What is the units digit of i(k)?
2
Let d be 0 - (19 - (-1)/(-1)). Suppose -2*z - 2*i = 14, 39*z - 34*z + 2*i + 41 = 0. Let h = z - d. What is the units digit of h?
9
Suppose 6*z = 8*z - 312. Suppose 7*f - 11*f + z = 0. What is the tens digit of f?
3
Let l(s) be the second derivative of 5*s**4/12 + 2*s**3/3 - s**2/2 + 17*s. What is the tens digit of l(4)?
9
Suppose l - 4*h = 19, 2*l - 3*h - 18 = -0*h. Suppose l*o - 106 = 17. Let a = 69 - o. What is the tens digit of a?
2
What is the tens digit of 2083 + 0 - (-24 + 30)?
7
Let p(l) = 159 - 6*l - l**2 + 20*l + l**3 - 13*l + 136. What is the units digit of p(0)?
5
Let n be (-196)/21*(-9)/1. Suppose 4*b = 22 - 78. What is the units digit of (-4)/b + 1236/n?
5
Suppose 6*f = 6277 - 1531. What is the units digit of f?
1
Let i(j) = j**2 - 2*j. Let p be i(2). Suppose -2*o + 20 = -3*g, 2*o + p*g - g - 16 = 0. What is the units digit of o?
7
Let s = 101 + -137. Let m = s - -71. What is the units digit of m?
5
Let y(t) = -t**3 + 11*t**2 - 6*t - 12. Let g be y(9). Suppose 0 = 5*s - 2*s + g. Let a = s - -59. What is the units digit of a?
7
What is the hundreds digit of (251/(-2) - 2)*250/(-75)?
4
What is the thousands digit of (46110/40)/((-3)/(-4))?
1
Let n be (19/4 + -4)*12. Let q be -3*(-4 - (-12)/n). Suppose -8 = q*v - 424. What is the units digit of v?
2
Let j = 35 - 28. Let f(n) = -n + 9. Let g be f(j). Suppose -o - 29 = -2*o - 3*t, g*o - 2*t - 66 = 0. What is the units digit of o?
2
Suppose 0 = -3*g + 4*m + 47, -3*m - 2 - 13 = 0. Suppose -10*n + g*n = -35. What is the units digit of 2/(-7) - (-255)/n?
7
Suppose o - 1465 = -2*v, 3*o - 5*v + 712 = 5052. What is the hundreds digit of o?
4
Suppose 3*y - 3*x - 2652 = 0, -5*x - 868 = 5*y - 6*y. What is the units digit of y?
8
Let q(h) = h**2 - 6*h + 7. Let b be q(9). Let x = -34 + b. Suppose 0*f + 3*f - 162 = x. What is the units digit of f?
4
Suppose 2*h = -h - 2*z + 26, -h - 13 = 5*z. Let d be (-8)/(-6)*(0 + h). Suppose -8 + 0 = -2*g + 4*x, x + d = 4*g. What is the units digit of g?
4
Suppose 0*w + 10 = -3*w - 5*a, 2*w = 4*a + 30. Let d(y) = y**2 - y - 6. What is the tens digit of d(w)?
1
What is the tens digit of (-1476)/(1/((-6)/12))?
3
Let r = 89 - -201. What is the units digit of r?
0
Suppose 9444 = 5*p + 774. What is the units digit of p?
4
Let n be ((-3)/(-6))/(2/(-64)). Let a = -12 - n. Suppose 0 = 2*p - u - 15, 6*u - a*u = 6. What is the units digit of p?
9
Let l = 259 - -1092. What is the thousands digit of l?
1
Suppose 8*o - 3*o = 0. Suppose -3*j + o*j + 117 = 0. What is the tens digit of j?
3
Suppose 3*j = 1731 + 2370. What is the tens digit of j?
6
Let t = 9 - 5. Let r be -3 - (0 + (1 - t)). Suppose -5*p + p + 88 = r. What is the tens digit of p?
2
Let v = -275 - -456. Let c = v - -119. What is the tens digit of c?
0
Let w(v) = -4*v**2 - 29*v + 37. Let s(q) = 4*q**2 + 0*q**2 - 7*q + 9 - 5*q**2. Let x(l) = -9*s(l) + 2*w(l). What is the units digit of x(-8)?
7
Let j(k) = 2*k**3 - k**2 + k - 1. Suppose -3*c + 4 = c. Let x be j(c). What is the units digit of (2 + -3)/(x/(-3))?
3
Suppose h + h = 10. Suppose -h*w + 9 = -36. Let u = w - -14. What is the tens digit of u?
2
Let k be 12/4 + 0 - 1. Let j be k + 1 + (1 - 4). What is the tens digit of 30 + -2 + 4 - j?
3
Let n be (14/(-6))/(9/(-27)). Suppose -n*o = -0*o - 1246. What is the hundreds digit of o?
1
What is the hundreds digit of (-21 - -699) + -1 + -4?
6
Let y = 1070 + -774. What is the hundreds digit of y?
2
Suppose 7*v - 2*v + 3*j = -9, 0 = 2*v - 4*j - 12. What is the units digit of 33 + -2 - (v - 0)?
1
Let c be -51 - (16/(-4) - -1). Let k = 97 + c. What is the tens digit of k?
4
Let t be ((-1)/(4/12) - -3)/2. Suppose h + h = -4, t = 2*q - 4*h - 438. What is the tens digit of q?
1
Let i(r) = -2*r**2 - r + 1. Let n be i(-3). Let t be 14/(-4)*8/n. What is the units digit of 10/((t + -1)*2)?
5
Let m = 12 - 0. Let j = m - -51. Suppose -l + j - 5 = 0. What is the tens digit of l?
5
Let m(g) be the first derivative of -g**3/3 + 5*g**2/2 - 3*g + 5. Let z be m(2). Suppose z*k - 1 = 101. What is the tens digit of k?
3
Suppose -45 = -5*s - 4*s. Suppose -4*k + 2*h = h - 12, -s*h + 28 = 2*k. What is the units digit of k?
4
Suppose -5*h = 5*f - 3325, -3337 = -5*f - 3*h + 2*h. What is the hundreds digit of f?
6
Let m(z) = 5*z**2 + 18*z - 81. What is the units digit of m(5)?
4
Let c = -539 + 964. What is the tens digit of c?
2
Let z(p) = -p + 2. Let y be z(5). Let o be 0 - (1 + 0/y). Let d(j) = 18*j**2 - 3*j - 1. What is the tens digit of d(o)?
2
Suppose 0 = 7*z - 2*z - 3*b - 489, -3*z = -4*b - 300. What is the tens digit of z + -1 + 0 - (2 + 2)?
9
Suppose 96 = -5*l + 16. Let t be 20*(-3 + 52/l). Let f = 194 + t. What is the tens digit of f?
6
Let k(y) = -y**3 - 4*y**2 + 5*y - 11. Suppose 7*m + 29 = -13. What is the units digit of k(m)?
1
Let b(g) = -g**3 - 6*g**2 + g - 4. Let r be b(-6). Let c = -13 - r. What is the units digit of c/2*(-10)/3?
5
Let b be 0/(-3) - (-30)/6. Suppose -45 + 5 = b*l. What is the tens digit of (l/10)/(3/(-210))?
5
Let u(r) = r**3 - r**2 - r + 42. Let w be u(0). Suppose -4*c + 89 = -23. Let z = w - c. What is the units digit of z?
4
What is t